e 5*j + 22 = 4*c, 0 = 12*j - 8*j + 2*c + 28. List the prime factors of 739*3/(-2)*j/9.
739
Suppose -2*o - 2*r - 8 = 0, -7*r - 16 = -4*o - 3*r. Suppose -m - m + 4 = -2*q, -m + 4*q - 13 = o. Suppose 0 = -m*b + 9*b - 40. What are the prime factors of b?
2, 5
Suppose 1679 + 401 = -5*t. Let n = 1175 + t. What are the prime factors of n?
3, 11, 23
Suppose -4*s = 4, 4*w = -4*s - 4571 + 1255. List the prime factors of (-1)/(2/w)*1.
2, 3, 23
Suppose 0 = 9*m + f - 34901, -5*f + 7751 = 6*m - 4*m. List the prime factors of m.
2, 7, 277
Suppose 13 = 5*h + 43. Let d(m) = 2*m**2 - 14*m - 3. Let j be d(7). List the prime factors of (-61)/j + 2/h.
2, 5
Suppose -3*z - 2*c - 30 = -3, -3*z - 4*c = 27. Suppose 0 = -2*q - 2*i + 164, q - 3*i = 5 + 73. Let d = q + z. What are the prime factors of d?
2, 3
Suppose 18*z + 27 = 15*z. What are the prime factors of 7 - (-1)/(15/z - -2)?
2, 5
Suppose x - 5*y - 2564 = 0, 5*x + 5550 = 5*y + 18470. What are the prime factors of x?
3, 863
Let t(v) = 4*v**3 + 3*v + 2*v + 2*v**2 - 10*v**3 + 2. What are the prime factors of t(-2)?
2, 3
Suppose 0 = -5*w + 2*x, 4 = w + 4*x - 18. Let q = 52 + -49. Suppose 3*s = -q + 6, w*f = s + 273. What are the prime factors of f?
137
Let t = -1010 + 491. Let p = t - -893. What are the prime factors of p?
2, 11, 17
Let x be 0/(-3 + -1)*1. Suppose 2*q + h - 2*h + 199 = x, 0 = -5*q - 3*h - 503. Let j = q - -186. What are the prime factors of j?
2, 43
Let a = -170 + 183. Suppose -2*p + 6675 = a*p. List the prime factors of p.
5, 89
Let d(c) = 379*c**2 - 6*c - 9. Let m be d(-2). Suppose -23*h + 16*h + m = 0. What are the prime factors of h?
7, 31
Let x = 40 - 71. Suppose 123 = 4*q + 3*m, 2*q + 3*m + 174 = 7*q. Let o = x + q. List the prime factors of o.
2
Let w(n) = 26*n**3 - 3*n**2 + 6*n - 2. Let f be w(1). Suppose 0 = -f*h + 9*h + 4428. Suppose -37*m + 39*m = h. List the prime factors of m.
3, 41
Let r = -40223 - -57172. List the prime factors of r.
17, 997
Suppose 1499 - 284 = -4*m + 3*f, -2*f = -10. Suppose h - 2*j + 133 = 0, -j = h + 3*j + 109. Let y = h - m. What are the prime factors of y?
5, 7
Suppose 2*f = 43 - 35. Suppose -d - 3*x = -1, -f = -4*d + x - 6*x. What are the prime factors of (3*((-194)/(-6))/1)/d?
97
Suppose 0*k - 2*t + 304 = 5*k, 0 = 2*k + 5*t - 130. Let c = 138 + k. Suppose c = -2*n + 5*n. List the prime factors of n.
2, 3, 11
Suppose 0 = -5*i + 3*b - 2*b + 570, -i - 2*b + 125 = 0. Suppose 23*t + 132 = 45*t. Let o = i + t. What are the prime factors of o?
11
Let k = -306 + 297. What are the prime factors of (280/(-21))/10 + (-2109)/k?
233
Let k(n) = -7*n - 10 - 4 - n**2 + 14 + 21. Let u be k(-9). Suppose -u = -5*g - 5*q + 417, -q + 170 = 2*g. List the prime factors of g.
2, 43
Suppose -26 = -3*m - 4*i + 5*i, -m + 4*i + 16 = 0. Suppose -30 = -m*a + 3*a. List the prime factors of ((-399)/28)/(a/(-16)).
2, 19
Let p(s) be the second derivative of -11*s**4/2 + s**3/3 - s**2/2 - 29*s. Let x be p(1). What are the prime factors of (-5954)/x - 6/10?
7, 13
Let q = -16 - -8. Let u be (-6)/5*((-220)/q)/(-11). Suppose -2*j + 66 = a - 23, u*j + a - 131 = 0. List the prime factors of j.
2, 3, 7
Let n(j) = -466*j + 75. Let w(h) = -470*h + 75. Let q(k) = 6*n(k) - 5*w(k). What are the prime factors of q(-2)?
967
Let l(g) = -37*g - 19 + 9*g + 11. Let v be l(-3). Suppose v = -16*q + 17*q. List the prime factors of q.
2, 19
Let f = 8353 + -6169. List the prime factors of f.
2, 3, 7, 13
Let q = 817 + -481. Let w = -168 + q. Suppose -2*m + 102 + 80 = -5*y, -2*y = 2*m - w. List the prime factors of m.
2, 43
Suppose -4*y + 24 = 0, 3*t - y - 6938 = 20347. List the prime factors of t.
11, 827
Suppose 5*f - 83 - 49 = -3*q, 5*q + 86 = 3*f. Let w(b) = f*b**2 - b**3 + 1 - 8*b**2 - 12*b**2 - 10*b. What are the prime factors of w(4)?
3
Suppose 0 = -36*q + 30*q + 6. List the prime factors of (4 + -409)*(q - 2).
3, 5
Suppose 0 = -14*b + 5*b + 27. Suppose b*l = 6*l + 3*t - 39, -t = 0. List the prime factors of l.
13
Suppose 3*m - 2*m - 3*x = 39774, 3*x + 79533 = 2*m. List the prime factors of m.
3, 29, 457
Let v = 621 + -940. Let b = v - -1179. What are the prime factors of b?
2, 5, 43
Suppose -a - 2*l + 348 = 0, 4*l - 319 = -3*a + 727. Let s(p) = 42*p - 1422. Let i be s(38). Let w = a - i. What are the prime factors of w?
2, 11
Suppose -27*l + 41*l = 490. Suppose 59*u - l*u - 47928 = 0. List the prime factors of u.
1997
Let q(m) = -m**2 + 23*m + 3. Let w(r) = -3*r**2 - 6*r - 9. Let g be w(4). Let u be (-621)/g + 2/6. List the prime factors of q(u).
3, 41
Let r(k) = k**2 - 9*k - 21. Let o be 6/(-10) + 1188/30. Let m = 55 - o. What are the prime factors of r(m)?
7, 13
Let y(f) = -89*f**3 + 10*f**2 - f - 18. What are the prime factors of y(-7)?
2, 37, 419
What are the prime factors of -4*(-195)/(-180)*-2778?
2, 13, 463
List the prime factors of ((-147042)/(-210))/(-4*12/(-1760)).
2, 3, 11, 389
Let a = -19 - -28. Suppose -3*u + 2*u - 18 = 0. What are the prime factors of (u/(-4))/(a/42)?
3, 7
Suppose 28*n = 25*n + 9. Let k be n*(93/12 - 6/8). Let a = -13 + k. List the prime factors of a.
2
Let y(m) be the second derivative of -5*m**4/24 + 31*m**3/6 - 16*m**2 + 24*m. Let t(v) be the first derivative of y(v). List the prime factors of t(-11).
2, 43
Let w(l) = -9*l**2 - 2*l + 2. Let i be w(-2). Let c = i + 29. List the prime factors of (0 - c)/((-189)/(-93) - 2).
31
Suppose 0 = 57*v - 58*v - 7. What are the prime factors of 4 + 581 + -5 + v?
3, 191
Suppose -8319740 = -97*c - 33*c. What are the prime factors of c?
2, 11, 2909
Let j(k) = 13*k - 36*k - 14 - 4. Suppose 0*c + 3*p = -c - 12, 3*c - 3*p + 12 = 0. What are the prime factors of j(c)?
2, 3, 5
Let q(m) = m**3 + 10*m**2 - 6*m - 10. Let p(t) = -21 + 14*t**2 + 0*t + 2*t**3 + t - 12*t + 5*t**2. Let f(u) = 4*p(u) - 9*q(u). List the prime factors of f(-15).
3
Suppose 3929 = g + 2*s, 7924 = 7*g - s - 19684. List the prime factors of g.
3943
List the prime factors of (-1*(-69 - -10))/(3/195).
5, 13, 59
Let r(f) = -19*f**2 + 10*f**2 + 24 - 22*f + f**2 + f**3. Let t be r(10). Suppose 3*x - 2*l - 140 = 322, -t*l + 616 = 4*x. List the prime factors of x.
2, 7, 11
Suppose 2600085 = 95*x + 2*x. What are the prime factors of x?
3, 5, 1787
Suppose 2*q = -4*j + 22172, 2*j = -4*q + 15190 + 29154. List the prime factors of q.
2, 23, 241
Let j(g) = 63*g + 2546. What are the prime factors of j(58)?
2, 5, 31
Suppose 5*b = 2*k + 57145, 340*k - 339*k - 22858 = -2*b. What are the prime factors of b?
11, 1039
Suppose 4*u - 326 = 166. Suppose -u = -8*i + 5. Let a(p) = p**3 - 16*p**2 + 12*p - 23. List the prime factors of a(i).
13
Suppose 45*x + 28*x = 65*x + 405064. List the prime factors of x.
11, 4603
Let w = 979 + -381. Let t = w - 381. List the prime factors of t.
7, 31
Suppose 10011 + 75767 = 23*t - t. List the prime factors of t.
7, 557
Suppose 922645 = 7*n + 15*n + n. List the prime factors of n.
5, 71, 113
Let d be 8142/(4/(-8 - -4)). List the prime factors of d/36*2*-3.
23, 59
Let u = -70651 - -108439. What are the prime factors of u?
2, 3, 47, 67
Suppose a - 2*a + 2*u - 9 = 0, -3*a - 31 = -5*u. Let w be (-4)/(-4 - a/4). Let x = 28 - w. List the prime factors of x.
2, 11
Let f(u) = u**2 + 7. Let r = 32 + -35. Let n be f(r). Let q(b) = 4*b - 21. List the prime factors of q(n).
43
Suppose 0*w + 10292 = 5*w - 4728. What are the prime factors of w?
2, 751
Suppose -56*d - 320480 = -1290960. List the prime factors of d.
2, 5, 1733
Suppose -8763 = -3*h - b - 2*b, 11639 = 4*h - 5*b. What are the prime factors of h?
2, 3
Let b be 1/(4 + 25/(-6)). Let o be 2 + (-99)/(-3 - b). Let v = -7 - o. List the prime factors of v.
2, 3
Let x = -28475 + 81968. List the prime factors of x.
3, 11, 1621
Let w be 3/2*88/(-66). Suppose s - 6 = 3*s. List the prime factors of (-218)/w - 3*2/s.
3, 37
Let g = -114 + 723. Suppose 3*f - 4*p = 606, -3*f + 5*p - 2*p = -g. List the prime factors of f.
2, 103
Let k = 127 + -64. Suppose -68*s + k*s = -3640. Suppose -6*c + s = 8*c. List the prime factors of c.
2, 13
What are the prime factors of 896/(-48)*(-158862)/88?
2, 7, 29, 83
Suppose 4*p - p = 5*t - 57, -5*p - 2 = 2*t. Suppose 10 = t*f - 26. Suppose 5*d - 3*j = 1, -f*j + 4 = 2*d - 6*d. What are the prime factors of d?
2
Let p = -280 - -288. What are the prime factors of 1688/p - 25/5?
2, 103
Let a be (-2 - -1)